se -a + 2337 = 3*s - 2*a, 0 = 5*a - 15. Let g = 1104 - s. List the prime factors of g.
2, 3
Suppose c - 2*m = -61 - 196, 3*c + 735 = -3*m. Let d = c + 362. What are the prime factors of d?
113
Suppose 3*d + 72 = 7*d. Suppose 2*n = -d - 2. What are the prime factors of ((-234)/n)/((-3)/(-10))?
2, 3, 13
Let g(c) be the second derivative of -7*c**3/2 - c**2 - 3*c. Let k be g(-5). Suppose -k + 31 = -2*l. What are the prime factors of l?
2, 3
Let x(u) = -49*u + 396. Let d be x(8). Let f be (-27 + 1)*(-1)/1. Suppose -d*a = -f - 46. List the prime factors of a.
2, 3
Let o = -2 - -7. Suppose -o*d - 5 = -10. Suppose -d = 3*h - 34. List the prime factors of h.
11
Suppose -3*g + 9 = 3. Suppose 32 = 2*w + g*w. List the prime factors of (w/(-6))/(8/(-36)).
2, 3
Suppose 0 = -0*a - 4*a, 3*a = -4*z + 1044. List the prime factors of z.
3, 29
Let x(o) = o + 13. Suppose 0 = g + 2*g + z + 24, -15 = g - 2*z. Let u be x(g). Suppose -5*c + c - u*y = -28, 1 = -y. List the prime factors of c.
2
Let m be 1 - 0/(1 - 2). Let f(j) = -26*j + 1 + m + 47*j. What are the prime factors of f(3)?
5, 13
Let r be 1/(6/(-21) - (-34)/70). Suppose -r*b + 57 = -38. List the prime factors of b.
19
Suppose 7*p - 3*p = 12. Suppose 3*j - 4*o = 16, -p*j + 5*o = -14 - 3. Suppose 25 - 129 = -j*t. List the prime factors of t.
2, 13
Let i(m) be the second derivative of -m**3/2 + 2*m**2 - 23*m. What are the prime factors of i(0)?
2
Let b = 3911 + -1343. What are the prime factors of b?
2, 3, 107
Suppose 2*n + 2 = -134. Let l = n - -116. What are the prime factors of l?
2, 3
Suppose -78*d + 68*d = -3520. List the prime factors of d.
2, 11
Suppose -4*r - 555 = -4*b - r, -3*b + 435 = 4*r. Suppose -5*w - b = -2*i, -2*i - 3*i - 2*w = -425. List the prime factors of i.
83
Let s be (-3 - (-5)/2)/((-1)/112). Suppose 0 = -y + 9*y - s. What are the prime factors of y?
7
Suppose y - 5 = -1. Suppose -y*j = -3*u - 79, 0*j - 71 = -4*j - 5*u. Let o = 33 - j. What are the prime factors of o?
2, 7
Suppose 4*s - 4 - 5 = o, s - 12 = -3*o. Suppose 112 = s*i + 10. What are the prime factors of i?
2, 17
Let a = -31 + 33. Suppose 2*k - 116 = -2*q, 5*q = -a*k + 2 + 297. List the prime factors of q.
61
Let c = -1 + -2. Let w(b) be the first derivative of 5*b**3/3 + 2*b**2 + b - 10. What are the prime factors of w(c)?
2, 17
Let u = 21 - 13. Let x(m) = -m**3 + 17*m**2 + 19*m - 17. Let k be x(18). Suppose -w - k = -u. What are the prime factors of w?
7
Let j(b) = b**3 + 12*b**2 - 28*b - 14. Let l be j(-14). List the prime factors of (1 + l)/((0 + 7)/(-98)).
2, 7, 13
Let b = 8 - -107. Let j = -47 + b. List the prime factors of j.
2, 17
Suppose 0 = -6*w + 13 + 23. Suppose 444 = -w*u + 84. Let c = u - -120. What are the prime factors of c?
2, 3, 5
Let y(t) = 3*t + 4. Let z(x) = 4*x + 3. Let m(w) = 6*y(w) - 5*z(w). What are the prime factors of m(-9)?
3
Let c = 62 - -247. List the prime factors of c.
3, 103
Let z(l) be the first derivative of l**4/4 - 4*l**3/3 + 5*l**2 + 7*l + 7. What are the prime factors of z(5)?
2, 41
Let m(n) = n + 8. Let u be m(5). Let b = u - 14. List the prime factors of 3/(3/44) - b.
3, 5
Let c = -7 + 8. Let z = c - -2. Suppose -2*b + 5*b - 48 = -z*h, -4*h = 2*b - 54. List the prime factors of h.
11
Suppose 0 = -2*q - 4*u + 8534, 2*u = -4*q + 3*u + 17077. What are the prime factors of q?
3, 1423
Let k(x) = 14*x**2 - x. Let l be k(1). Suppose -l*j = -15*j. Suppose 5*s - 105 - 125 = j. What are the prime factors of s?
2, 23
Suppose 0 = 5*o + 4*u + 17, -5 = u - 2. Let i(a) = -a**3 - 3*a**2 + 16*a - 10. Let f be i(-6). What are the prime factors of ((-2)/f)/(o/12)?
2, 3
Suppose 0 = 4*j - 3*f - 20, -4*j + 3*j + f + 6 = 0. Suppose -106 = -g + 5*n, 4*g + j*n = 5*n + 356. What are the prime factors of g?
2, 43
Let n(a) = -a**3 - a**2 + a + 1. Let p(w) = -3*w**3 - 19*w**2 - 8*w + 8. Let b(f) = 4*n(f) - p(f). Let v be b(17). What are the prime factors of (8/(-6))/(9/v)?
2, 7
Let v be (-5 + 4 - 1)*(-2)/(-4). What are the prime factors of (-6)/(-39) - v/((-26)/(-594))?
23
Suppose 3*i = 117 + 726. Suppose -5*u - 2*h + 55 + i = 0, -3*u + 2*h + 208 = 0. Suppose u = 2*x + 2*x. List the prime factors of x.
17
Suppose -8*r = -6*r + 4. What are the prime factors of (-3 + (-27)/2)*r?
3, 11
Let h = 1492 + -947. What are the prime factors of h?
5, 109
Let r be (-2)/4*2 + 26. Suppose 3*k - r = -1. Suppose w - 11 = -2*w - 4*f, 3*f + k = w. List the prime factors of w.
5
Suppose 0 = 9*j - 8*j + 5*r - 735, 4*j = 3*r + 3032. List the prime factors of j.
5, 151
Let d(x) = x**2 + 14*x - 31. List the prime factors of d(-17).
2, 5
Suppose 4*q = -4*w - 5 - 3, 5*q + 5 = -4*w. Let p = 7 + w. Suppose 4 = p*i - 78. What are the prime factors of i?
41
Suppose 74*s - 62*s - 4872 = 0. What are the prime factors of s?
2, 7, 29
Suppose 2*m - 280 = -2*q, 0 = -4*m + 3*q + 328 + 204. Suppose 5*y + m = 586. What are the prime factors of y?
2, 3, 5
Let s = -168 + 253. Suppose 6*c = c - s. Let a = c + 70. What are the prime factors of a?
53
Let h(z) = -5*z - 18. Let q(c) be the second derivative of -c**3/2 - 9*c**2/2 + 3*c. Let m(n) = -4*h(n) + 7*q(n). What are the prime factors of m(-9)?
2, 3
Suppose 2 + 2 = -s. Let l be 1 - 0 - (s - 0). Suppose l + 25 = h - 3*n, 4*n = 0. List the prime factors of h.
2, 3, 5
Let q(r) = -26*r + 9. Let a be q(-5). Let j = 216 - a. What are the prime factors of j?
7, 11
Suppose 4*a + 2*u - 290 = 0, 3*u + 265 = 4*a - 0*u. Let p = a + -29. List the prime factors of p.
41
Suppose 15*z - 16*z = -56. Let s = z - 47. What are the prime factors of s?
3
Suppose -4*g - 5*z + 2186 = 365, 2*g + 4*z = 912. Suppose 3*w + 2*r + g = -0*r, -301 = 2*w + 3*r. What are the prime factors of (-1)/3*(w - 7)?
53
Suppose -9*q + 12 + 6 = 0. Suppose 5*s = o - 13 - 59, 0 = q*o + s - 111. List the prime factors of o.
3, 19
Let t be ((-45)/12)/((-5)/20). Suppose -t*o + 12 = -14*o. List the prime factors of o.
2, 3
Suppose -5*p - 9 + 19 = 0. List the prime factors of ((-95)/p)/((-3)/6).
5, 19
List the prime factors of 30/18*20*(-108)/(-10).
2, 3, 5
Let g be ((-6)/4)/((-42)/280). Let r be (-8)/(-10) - 788/g. Let b = 146 + r. List the prime factors of b.
2, 17
Let y(k) = -18*k - 15. Let n(c) = -10*c - 7. Let q(w) = 5*n(w) - 3*y(w). What are the prime factors of q(8)?
2, 3, 7
Let z be 437 + ((-27)/36 - 1/4). Suppose -z = -2*t - 124. What are the prime factors of t?
2, 3, 13
Suppose 5*f - 3 - 22 = 5*a, -4*a - 16 = -2*f. List the prime factors of f/11 - (-7 - (-8456)/(-77)).
3, 13
Suppose -2*c - 2*b + 153 = -b, -4*b = c - 73. Let p = -112 + c. Let i = p + 59. List the prime factors of i.
2, 3
List the prime factors of 2*2/4 + (-2574)/(-6).
2, 5, 43
Suppose -l + x = -155, 0*x = 3*x + 12. List the prime factors of l.
151
Suppose -5*i + 4 = 5*g - 6, 3*i + 15 = 0. Let m = -5 + g. Suppose 3*w - 3*h - 33 = 0, 3*w - 18 = -0*h - m*h. What are the prime factors of w?
2
Let x = 86 - 14. Suppose -5*u - x = 4*u. List the prime factors of 3*-2*52/u.
3, 13
Suppose -599 = -2*a - s, -3*a + 902 = -2*s - 0*s. What are the prime factors of a?
2, 3, 5
Suppose -3*r - 3 = -0. Suppose 4*u - 3*t + 37 = 0, 5*u + t + 70 = -0*t. What are the prime factors of 4 + r - u/1?
2
Let b = 22 - 28. What are the prime factors of 81 + (0 - b)/3?
83
What are the prime factors of ((-267)/(-12))/((-1)/(-4)) + -3?
2, 43
Let c be 2 + 4/(-4 + 6). Suppose 12 = c*w - 7*w. List the prime factors of -4 - w - -3 - -10.
13
Suppose -8*b - 2104 + 6600 = 0. List the prime factors of b.
2, 281
Suppose 2*z - 8 = -0*z. Let g be 333/63 - z/14. Suppose 0 = g*q - 2*c - 115 + 22, 3*q - 31 = -5*c. List the prime factors of q.
17
Suppose t - 3*h = -0*t + 16, t + 5*h = -24. Suppose -b + 4 = t. Let x = 16 + b. List the prime factors of x.
19
Let v = -140 - -636. List the prime factors of v.
2, 31
Suppose -4*w + 3*j + 21 = -7, -28 = -4*w + 2*j. Let y = -2 + 6. Suppose y*h = 25 + w. List the prime factors of h.
2
Let w(r) = r**3 - 8*r**2 + 7*r - 4. Let y be w(7). List the prime factors of y/(-10) - 193/(-5).
3, 13
Let z be 5/((-60)/(-8))*3. Let i(r) = -r**2 - 4*r**2 + r + 6*r**z + 8 - 9*r. List the prime factors of i(9).
17
Suppose -22*w = 14*w - 12564. List the prime factors of w.
349
Suppose -5*r + 530 = w, 3*w + 9*r - 1640 = 4*r. List the prime factors of w.
3, 5, 37
Let i(y) = 2 + 3*y + 0*y + 3*y + 1. Let 